 - 4. Let g(k) = p*b(k) + q(k). Give g(4).
-9
Let f(b) = -b**2 - 6*b - 4. Let z = -2 + -1. Let t(r) = 3*r**2 + 17*r + 11. Let n be (7/28*-2)/((-9)/(-144)). Let p(j) = n*f(j) + z*t(j). Determine p(-5).
-11
Let v(b) = -5*b + 3. Suppose -j - 9*x = -10*x + 3, -2*x = 5*j + 15. Calculate v(j).
18
Let f(p) = -4*p**3 + 9*p**2 - 11*p - 20. Let w(u) = 3*u**3 - 8*u**2 + 10*u + 18. Let t(d) = 6*f(d) + 7*w(d). Give t(-3).
57
Let r = -380 - -65. Let x be ((-2)/(-9) - 200/r)*7. Let m(v) = -x - 10 - 6 + v + 28. Give m(-3).
3
Let f(t) = -35*t + 1869. Let k be f(53). Let x(n) = -9*n + 123. Calculate x(k).
-3
Let n(s) be the first derivative of 302*s + s**2 - 77 + 0*s**2 - 160*s - 159*s. Give n(8).
-1
Let d(j) = 7*j - 145. Let w(u) = 9*u - 134. Let k(t) = 4*d(t) - 5*w(t). Give k(5).
5
Let d(m) be the second derivative of 7*m**4/12 - 4*m**3/3 - 2*m**2 + 79*m + 1. Let o(x) = -19*x**2 + 24*x + 14. Let h(y) = 8*d(y) + 3*o(y). Determine h(8).
10
Let r(h) = h + 7. Let y(q) = -14*q**2 - 68*q - 2. Let s be y(-5). Give r(s).
-5
Let t(w) = w**2 + 21*w + 4. Let v be t(-21). Let m be 3791/v + (-14)/(-56). Let s(n) = 948 + n - m. What is s(6)?
6
Suppose i + 8 = 4*w, -63*w + 32 = -4*i - 39*w. Let d(v) be the first derivative of -v**3/3 - 9*v**2/2 - 11*v + 1. Calculate d(i).
-3
Let p(o) = o**2 - 10*o + 5. Suppose -10*k = 17*k + 18*k. Suppose k = -5*b - 36 + 76. What is p(b)?
-11
Let x(p) = 3*p**2 - 25*p + 77. Let v(q) = -7*q**2 + 50*q - 160. Let k(u) = -5*v(u) - 11*x(u). What is k(-14)?
-5
Let f(c) = 24*c**3 - 24*c**2 + 6*c**2 - 15*c**3 - 2*c - 11*c**3 - 10. Let o be f(-9). Let x(g) = 5*g + 4. Give x(o).
44
Let d(x) = -15*x - 10*x + 41*x + 56 - 10*x. Let l be d(-9). Let w(a) = a**l - 4*a**2 - 8*a**2 + 8 + 10*a**2. Calculate w(0).
8
Let o(u) = u**2 - 8*u - 3. Let z be 4/((-12)/(-243)) - -2. Let r = 80 - 155. Let k = r + z. Calculate o(k).
-3
Let u(k) = -k + 39. Let q(s) = -3*s**3 + 25*s**2 + 46*s - 416. Let o be q(8). What is u(o)?
23
Let z = 2 - 2. Let y(u) = -u + 4. Let l be y(z). Let j(r) be the first derivative of r**2/2 + 4278. Determine j(l).
4
Let s(y) = -y**2 - 4*y + 2. Suppose 4*p + 15 - 11 = 0, 5*q = -2*p - 27. Let h = 2 - 2. Let i = h + q. Calculate s(i).
-3
Let y(s) = -8 + 2*s**3 + 7*s**2 - 4*s**3 + s**3. Let n(p) = -2 + 16 + 6 + 12 - 4 + 2*p**2 + 13*p. Let o be n(-3). What is y(o)?
-8
Suppose 115 - 23 = 23*z. Suppose -190 = -z*y - 206. Let v(x) = x**2 - x + 2. Give v(y).
22
Let d(p) be the second derivative of p**4/8 - 13*p**3/6 + 3*p**2 - 65*p. Let q(j) be the first derivative of d(j). Give q(6).
5
Let o(b) = 2*b**2 + 3*b - 1. Let n(r) = 12*r + 24. Let h(p) = 23*p + 51. Let v(c) = 3*h(c) - 5*n(c). Let f be v(-4). What is o(f)?
8
Suppose -17273*v = -17253*v + 160. Let y(r) = 3*r**2 + 23*r - 4. Give y(v).
4
Let t(u) = 2*u + 4. Let x be t(-4). Let p be (16 - 14)*(-34)/x. Suppose -p*q = -13*q - 16. Let f(k) = -k**2 + 4*k - 1. Give f(q).
-1
Let w(y) = -3*y - 3. Suppose 2*i - 4*i = 5*a - 86, 2*i + 94 = 5*a. Suppose 12*o + a - 54 = 0. Give w(o).
-12
Let d(o) = -o**3 - 5*o**2 - 2*o - 6. Let j be d(-5). Suppose j*q + 65 = 5*h, -2*q + 7 = 17. Let f(y) = y**2 - 10*y + 9. What is f(h)?
0
Let h(z) = 2*z**2 - 169 - 168 + 3*z - 177 + 501. Determine h(-4).
7
Let f(n) = -n + 3. Suppose 4*j + 54 + 134 = 0. Let s = j - -20. Let u = -20 - s. What is f(u)?
-4
Let a(u) be the first derivative of u**4/12 - u**3/6 - 4*u**2 + 6*u + 58. Let d(w) be the second derivative of a(w). Calculate d(1).
1
Let p(o) = o**3 - 1. Let r(f) = 7*f**3 - 4*f**2 + f - 11. Let i(x) = -6*p(x) + r(x). Let w = 273 - 269. What is i(w)?
-1
Let t(q) = -28*q**3 + 25*q**2 - 18*q + 22. Let a(v) = -13*v**3 + 12*v**2 - 8*v + 11. Let s(g) = -13*a(g) + 6*t(g). Calculate s(7).
10
Let b(u) = u**2 - 7*u + 13. Let z be b(4). Let x(q) = 10 + 6 + z + 6*q + q**2 - 7. Give x(-4).
2
Let k(n) be the second derivative of n**4/12 + n**3/6 + 3*n**2 + n. Suppose 185*s = 738*s. What is k(s)?
6
Let f(h) = -47*h**3 - 204*h**2 + 27*h - 451. Let o(u) = 7*u**3 + 29*u**2 - 4*u + 66. Let s(a) = -4*f(a) - 27*o(a). Determine s(33).
22
Let h(p) be the third derivative of -11/24*p**4 + 0 + 0*p - 1/60*p**5 - 3/2*p**3 + p**2. Suppose 16*w + 0*w + 6*w = -198. Calculate h(w).
9
Suppose 3*s = 2*s + 38. Let m = s + -37. Let f(t) = -7*t + 1. Calculate f(m).
-6
Let w(s) = -23*s - 370. Let c be (0 - 2/4) + (-13 - 35/14). Calculate w(c).
-2
Let k(u) = -4*u - 2. Let p(z) = 40*z + 18. Let m(d) = -28*k(d) - 3*p(d). Suppose 4*y + 2*y + 12 = 0. Determine m(y).
18
Let h(y) = 3*y + 13. Let f be (-7)/((-336)/246) - (9 + -4)/40. Give h(f).
28
Let p(g) = -9*g**3 - 4*g**2 + g + 42. Let u(b) = -11*b**3 - 5*b**2 + b + 42. Let h(n) = 6*p(n) - 5*u(n). What is h(0)?
42
Let j(i) = 2*i - 16689 + 16565 + 4*i + 2*i. Give j(12).
-28
Let x(d) be the first derivative of -d**2 - 9*d + 1. Let v = 527 - 670. Let c = v - -137. Give x(c).
3
Let o(x) = -x**3 - 7*x**2 + 6*x + 44. Let s be o(-7). Let f be (-4)/(-6) + 57/9. Let c(y) = 5*y**s - 8 - f*y - y**2 + 3*y**2 - y**3 + 2*y. Determine c(6).
-2
Let z(u) = -8*u. Let a be z(-1). Let b(n) = 4*n**2 + 3*n - 10. Let j(g) = -7*g**2 - 3*g + 20. Let p(l) = -5*b(l) - 3*j(l). Calculate p(a).
6
Let v(w) = -w**3 + 12*w**2 - 12*w + 19. Let z be v(11). Let m(k) = -4*k - 11 + k + z + 4. Calculate m(4).
-11
Suppose 12*n - 4 = 16*n, -5*h + 2*n = -42. Let q(u) = -49 + 8 + 3*u + u + u. Let i be q(h). Let l(d) = d**3 + 2*d**2 + d. Determine l(i).
0
Let m(w) = 16*w**2 + 129*w - w**3 + 0*w**2 - 13 - 139*w - 41*w**2 + 15*w**2. Let u = -7 + 28. Let b = 12 - u. Determine m(b).
-4
Let k(a) = -a - 166. Let v(b) = -3*b - 167. Let n(r) = 4*k(r) - 3*v(r). Let l be n(33). Let u(w) = -w**2 - 2. Determine u(l).
-6
Let y(a) = -a**2 + 476*a - 2369. Let u be y(5). Let h(x) = -3*x**3 - 43*x**2 - 17*x - 17. Give h(u).
25
Let f(u) = u**3 + 6*u**2 + 2*u - 2. Let l(t) = 17*t - 38. Let j be l(4). Let a = 25 - j. What is f(a)?
13
Let r(c) = c + 26 - 13 - 12. Let v be (0 - -1)*(-1 - 0). Let l = 0 + v. Give r(l).
0
Let a(i) = i**2 + 5*i + 2. Let q be ((-26048)/24)/(-8)*3. Let g = -410 + q. Give a(g).
-4
Let y be (-11 - -26)/(-15) + (6 - -1). Let v(q) = 6*q**2 - 38*q + 9. Calculate v(y).
-3
Suppose 0 = -3*q - 5*b - 69, -q + 4391 = 5*b + 4474. Let g(z) be the third derivative of 0 + 0*z + z**2 - 1/8*z**4 - 4/3*z**3 + 1/60*z**5. Calculate g(q).
20
Let q be (1130/(-339))/(10/(-24)). Let j(b) = 26*b - 222. Calculate j(q).
-14
Let p(h) = 1309*h - 51 + 49 - h**2 - 1296*h. Calculate p(10).
28
Let v(s) = s**2 + 13*s - 21. Suppose 3*l + 2*m - 56 = 0, 3*m - 88 + 13 = -4*l. Let k = l + -33. What is v(k)?
9
Let h(k) = -k**2 + 9*k + 128. Let x be h(17). Let d(r) = r - 5. Let z be (-2 + 1 + -4)*1. Let l(i) = 3*i - 11. Let v(s) = z*d(s) + 2*l(s). Give v(x).
-5
Let x(a) = -a**2 - 6*a + 250 + 237 + 229 - 715. Give x(7).
-90
Let l = -1565 + 1560. Let u(r) = -9*r + 2. Let a(t) = -t. Let i(y) = 6*a(y) - u(y). Determine i(l).
-17
Let t(p) = -p**2 + 6*p - 5. Suppose j - 24 = -3*j. Suppose 23*z - 17*z = j. Let q be -15*((3 - 2)/z)/(-3). Give t(q).
0
Let w(c) = -8*c + 44. Let b(s) = 2*s**2 - 15*s - 13. Let t be b(8). Let k be w(t). Let d(v) = -2*v**3 + 3*v**3 - 2*v**2 - 1 + 0*v**3 - k*v + 85*v. Give d(2).
1
Let r(m) = -2*m - 7. Let s(k) = 25*k + 8. Let c(f) = -7*r(f) - s(f). What is c(5)?
-14
Let u = 3731 - 3733. Let x(w) = 6*w + 8. Determine x(u).
-4
Let o(w) = -w**2 + 9. Let z(b) be the third derivative of -b**5/30 + 19*b**3/6 - 189*b**2. Let g(l) = -5*o(l) + 2*z(l). Determine g(0).
-7
Let l(a) = -2*a - 1. Let q(p) = 6*p - 34. Let x = 29 + -23. Let b be q(x). Let t be ((-3)/(-1) - -1)/b. Determine l(t).
-5
Let x(v) = -3*v + 47. Suppose -22 = -0*o - 12*o + 242. What is x(o)?
-19
Let s(q) = q**3 - 5*q**2 - 10*q + 20. Let f = -16298 - -16304. Determine s(f).
-4
Let m(j) be the first derivative of 3*j - 4 + 1/2*j**2. Let f = -57 + 64. Calculate m(f).
10
Let o(r) = 3*r - 50. Let n be 16 - ((-115)/(-10) + -6 + -5)*0. What is o(n)?
-2
Let y(r) = -2*r - 3. Let i be y(-9). Suppose -2*f + 10 = g, -3*f + 8*g + i = 3*g. Suppose f*c - l = -28, -l + 2*l = c + 8. Let q(j) = j + 2. Give q(c).
-3
Let y(g) = -38867*g**2 - 14 + 64 - 14*g + 38868*g**2. Give y(5).
5
Let u(s) = -s**2 - 4*s + 20. Let b = -25542 + 25545. Determine u(b).
-1
Let s be 1*(-3)/(-5) + (-84)/(-60). Let w(n) be the second derivative of 0*n**4 -